2*t - 3*p = -4, -t + 2*p + 2*p = 2. What is y(t)?
4
Suppose -5*b + 3 - 53 = 0. Let y = 16 + b. Let m(h) = 2*h**3 + 2*h**2 + 13*h + 8. Let j(s) = s**3 - s**2 + 3*s. Let f(v) = -3*j(v) + m(v). Calculate f(y).
-4
Let i(u) = -86*u - 80*u**2 + 99*u + 41*u**2 + 42*u**2 + 18. Calculate i(-3).
6
Let b be 3*9 - 45/36*4. Suppose 2*a + b = 20. Let t(l) = -3*l - 2. Determine t(a).
1
Let d = -125 + 119. Let l be 2 + -4*18/24 - d. Let j(g) = -g**2 + 7*g - 5. What is j(l)?
5
Let j be -5 - 1/((-7)/42). Let b(m) = 0*m + 0 + 2 - 2*m - 4 + m. Determine b(j).
-3
Let l(x) be the second derivative of -x**5/60 + 5*x**4/12 + 4*x**3/3 + 99*x**2 + 154*x. Let f(q) be the first derivative of l(q). Determine f(10).
8
Let g(c) = c**2 + 12*c - 18. Suppose -290 = 3*t - 5*u + 73, 0 = -4*t - 2*u - 458. Let i = 103 + t. Give g(i).
-5
Let i(o) = 5*o - 6. Let j(d) = 11*d - 10. Let v(u) = -5*i(u) + 2*j(u). Let y = 27 - 43. Let b be y/4 - (-6 - 5). Determine v(b).
-11
Let f be (16/(-5))/8 - (-136)/40. Let p(v) = 12*v - 40. Calculate p(f).
-4
Let r(o) be the second derivative of -2/3*o**3 - 5/2*o**2 - 1/12*o**4 + 0 - 29*o. Determine r(-4).
-5
Let m(p) = p**3 - 4*p**2 + 3*p - 2. Let t be (0 + -4)*17/(-34). Determine m(t).
-4
Let n(d) = 21*d**2 - 4*d + 207. Let r(l) = -89*l**2 + 15*l - 881. Let g(i) = -17*n(i) - 4*r(i). Let o(m) = m**2 - 3*m - 2. Let q be o(5). What is g(q)?
5
Let i(l) = -l**3 + 8*l**2 + 8*l + 8. Let b(j) = j**3 - 8*j**2 - 9*j - 3. Let o be b(9). Let z be 18/(o - 3)*-3. Calculate i(z).
-1
Let f be ((-39)/(-364))/(16/64) + 36/14. Let l(x) = 0 - 3 + 2 + 2*x. Determine l(f).
5
Let k(i) = i - 1. Let x(g) = -4*g + 8. Let o(u) = -10*k(u) - 2*x(u). Suppose 11*t = 3150 + 183. Let b = t - 309. Calculate o(b).
6
Let y(b) be the second derivative of 3 + 6*b + 0*b**4 + 13*b**2 - 1/6*b**3 - 1/20*b**5. Give y(0).
26
Let p(r) = r**3 + 23*r**2 - 52*r - 58. Let i(k) = -2530*k - 5085. Let b be i(-2). Give p(b).
-8
Suppose 20 = 5*p - h, 5*p - 6*h = -h. Suppose -p*j + 7 = -m, -2*m = 2*m + j - 14. Let t(d) = -2*d + 4. Determine t(m).
-2
Let g(q) = -9*q**2 - 14*q + 21. Let i(f) = 4*f**2 + 7*f - 11. Let a(m) = 3*g(m) + 5*i(m). Let s be a(1). Let b(v) = -v**3 - 7*v**2 - 8*v - 2. What is b(s)?
10
Let h(f) = 2*f - 63. Let l be h(-6). Let t = -69 - l. Let w(d) = d + t*d - 5*d. Determine w(1).
2
Let x(z) be the second derivative of 3*z**3 + 8*z**2 - 248*z + 6. Give x(-4).
-56
Let z(q) = -q + 1. Let g(n) = -10. Let s(a) = -g(a) + 2*z(a). Let i be 7 + 6/(5 + -3). What is s(i)?
-8
Let q(l) = 3*l**2 - 2*l - 2. Let w be 2 - -7*5 - (-10 + 8). Let y be ((-4)/3)/((-26)/w). Suppose y*g = 14 - 10. Determine q(g).
6
Let f(d) be the first derivative of d**4/8 - 5*d**3/6 + 2*d**2 + 9*d + 165. Let v(s) be the second derivative of f(s). Calculate v(0).
-5
Let z(i) be the third derivative of i**4/12 - 6*i**3 + 381*i**2. Calculate z(12).
-12
Let a(t) = -53*t**2 - 166*t - 25. Let j be a(-3). Let y(w) = w**3 + 7*w**2 + 10*w - 6. Give y(j).
2
Let a(q) = q**3 - 8*q**2 - 3*q + 9. Let r be a(10). Let d = r + -180. Let x(w) = -10*w**2 - 1. What is x(d)?
-11
Suppose -s + 3*o = -6*s + 52, -5*s + 2*o + 32 = 0. Let j(d) = 0*d + 558 - 2*d + 512 + d - 1057. Give j(s).
5
Let r be 35/14*-4*-6*(-10)/(-75). Let u(f) = f**2 - 9*f - 6. Determine u(r).
-14
Let d be (30/9 + -3)*(-34 + 55). Suppose 2*k - 2 = 4. Let g(s) = -4 + k - d + 2 + s. Determine g(-8).
-14
Let b = -49 - -37. Let f be ((-55)/(-30) - 2) + 214/b. Let i = -21 - f. Let r(o) = 2*o**2 + 2*o - 2. Give r(i).
10
Let y(u) = 17*u**3 - u**2 + u - 1. Suppose -44*c - 1840 = -9*c + 505. Suppose m = -0*m + 68. Let k = c + m. Calculate y(k).
16
Suppose 0 = m - 2*m. Suppose b - 4*b - 18 = m. Let f(u) be the third derivative of u**5/60 + u**4/4 + 7*u**3/6 - 35*u**2 + 3*u. What is f(b)?
7
Let g(v) = -2*v**3 + 10*v**2 + 67*v + 53. Let b(z) = -3*z**3 + 14*z**2 + 101*z + 78. Let n(i) = 7*b(i) - 10*g(i). Calculate n(-7).
2
Let r(u) be the first derivative of u**4/4 - u**3/3 - u**2/2 - u - 1176. Let n be -2 - (1 - 2) - -1. Suppose n = -2*x + x - 1. Give r(x).
-2
Let i(v) be the third derivative of v**5/60 + v**4/12 + 2*v**3/3 - 6034*v**2. Suppose 6*d - d = 0. Calculate i(d).
4
Let l(t) = -3*t**2 + 4*t + 1233*t**3 + 2*t + 1236*t**3 + 5 - 2470*t**3. Give l(-2).
-11
Let n be (-21)/(-12)*-1*16 + 12. Let c(u) = u**2 + 21*u - 27. What is c(n)?
-107
Let n(o) = o**2 + 4*o + 5. Let d be n(-3). Let u(l) be the second derivative of 0 + 46*l + l**2 - 1/3*l**3. What is u(d)?
-2
Let y(z) = -7*z - z**2 + 3*z + 0*z + 2 + 2*z. Let b(l) be the first derivative of -l**3/3 + 21*l - 6. Let h be b(5). Determine y(h).
-6
Let d = -3 - -1. Let z be 7*(d + 0)/(6/(-9)). Let w = z + -18. Let h(t) = -t**2 + 3*t - 4. Give h(w).
-4
Let g(q) = -53*q + 693. Let u be g(13). Let m(o) be the third derivative of 0*o + 0 + 5/24*o**u - 1/15*o**5 + 2/3*o**3 - 1/120*o**6 - 12*o**2. Give m(-5).
4
Let r(j) = j**2 + 21*j - 26. Suppose 5*d + 6*c = -128, 166*c = 4*d + 169*c + 97. What is r(d)?
-4
Suppose 595 = 17*s + 425. Let i(f) = -s + 1 - 717*f**3 + 718*f**3. What is i(0)?
-9
Let s = 198001/60 + -3300. Let a(n) be the third derivative of 3*n**2 + 0 - 7/6*n**3 + 1/4*n**4 + 0*n - s*n**5. Calculate a(5).
-2
Let n be ((-188)/8)/(-3 + 25/10). Suppose 5*s = -4*j + n, 22*s + 21 = 3*j + 21*s. Let d(o) = -2*o + 11. Determine d(j).
-5
Let k be (-5 - (3 - (-25)/(-3)))/((-10)/150). Let a(i) = -i**2 - 24*i - 93. What is a(k)?
2
Suppose 0 = 1170*w - 1167*w - 4*g + 51, -3*g - 4 = w. Let a(q) = q**3 + 12*q**2 - 16*q - 8. Determine a(w).
31
Suppose -43*k + 40*k - 4*g = -26, -3*g = -15. Suppose 3*o - 5*v - 3 = -4, k = v. Let l(c) = c**2 - 3*c + 3. Calculate l(o).
3
Let r = -9 + 141. Let c be (-4)/6 + r/36. Let p(u) = -6*u - u**c + 11 + 7 - 6*u**2 - 20. Give p(-5).
3
Let t be (4/(-15) + (-6)/(-9))/((-50)/(-2750)). Let p(o) be the first derivative of -1/4*o**4 - 2/3*o**3 + 5/2*o**2 - t - o. Calculate p(-4).
11
Let k(b) = 3*b - 8. Let f(z) = 66*z + 237. Let x(h) = f(h) + 7*k(h). Calculate x(-2).
7
Let r(y) = -23*y + 4. Suppose -p - 3*w + 23 = 0, 5*p + 115*w - 118*w = -11. Calculate r(p).
-42
Let l(m) be the first derivative of m**4/4 - 22*m**3/3 + 17*m**2/2 + 44*m + 1425. What is l(21)?
-40
Let h be ((-42)/(-26) - 320/(-6240)) + 8/(-3). Let u(j) = 1 - 3 - j**2 - j - 2*j. Give u(h).
0
Let c be 8/((-240)/50)*(-6)/(-2). Let a(y) = -y**3 - 4*y**2 + 9*y + 15. Calculate a(c).
-5
Let j(z) = 10*z**3 + 3*z**2 - 9*z**3 - 4*z + 167 - 166. Let m be (-2 - -3)/1*-4. Calculate j(m).
1
Let j(o) = 40*o + 1. Let k(n) = -173*n + 3. Let d(w) = -5*j(w) - k(w). Determine d(2).
-62
Suppose -54*s + 64 = -38*s. Let p(c) = 1 + 5 - 3*c**3 - 14 + 4 + s*c**3 - 4*c - 5*c**2. Suppose -3*b + 2*a + 25 = 0, -4*a - 23 + 3 = 0. Give p(b).
-24
Let k(g) = 22*g + 23. Let q(w) = -59*w - 66. Let n(u) = -8*k(u) - 3*q(u). What is n(-7)?
7
Let v be 0/(-49)*(-1)/3. Let n(m) = -m + 14. Let q be n(6). Suppose -2*a - 2 + q = v. Let k(h) = 3*h + 4. What is k(a)?
13
Let k(m) = m**3 + 4*m**2 - 3*m - 1. Suppose 21*p = -0*p + 126. Suppose -6 - p = 4*y. Calculate k(y).
17
Let d = -458 + 460. Let z(c) = -c + 0*c + c**3 + 7 - 4*c - 2*c + 7*c**d. Calculate z(-8).
-1
Let f(x) = -x**2 + 7*x - 13. Let z be (84/16 + -3)*168/63. Calculate f(z).
-7
Let x(m) = 22*m**2 - 64*m**2 - 1 + 21*m**2 + 23*m**2. Suppose 27*d - 136 = 61*d. Calculate x(d).
31
Suppose c - 2*c = 2*w + 1, -3*w = -3*c + 15. Let s(j) = -10*j**2 + 3*j. Let v(o) = 57*o**2 - 16*o. Let n(q) = -11*s(q) - 2*v(q). Determine n(w).
-14
Let g(c) be the first derivative of c**4/6 - c**3/6 + 19*c**2 + 69. Let l(r) be the second derivative of g(r). Calculate l(1).
3
Let b(p) = 2*p**2 + 16*p + 5. Let t = 206 - 202. Let n(d) = d**2 + 9*d + 2. Let w(c) = t*b(c) - 7*n(c). Let z = 0 - 0. Calculate w(z).
6
Let a = 5120 + -5119. Let w(v) be the first derivative of -v**2/2 - 2*v + 47. Calculate w(a).
-3
Let i(d) = 343*d**2 + d - 1. Let p be i(-1). Let b = -344 + p. Let w(q) = q**2 + q + 3. Calculate w(b).
9
Let r be (-2220 - -2220)*(-2)/(-2). Let h(f) = -8 - 3*f**2 - 7 + 2*f**2. Determine h(r).
-15
Let i = -47 - -44. Let f(o) = o. Let p(m) = 8*m + 4. Let b = -24 - -19. Let n(x) = b*f(x) + p(x). Determine n(i).
-5
Let q(n) be the third derivative of -n**4/24 - 13*n**3/3 + 162988*n**2. Suppose -3*m = 4*d + 74, 0*m - 4*m = 8. Determine q(d).
-9
Let p = -1917 + 191